{"id":46,"date":"2023-08-10T08:24:45","date_gmt":"2023-08-10T08:24:45","guid":{"rendered":"https:\/\/fourier.rwth-aachen.de\/?page_id=46"},"modified":"2025-02-18T11:18:07","modified_gmt":"2025-02-18T11:18:07","slug":"team","status":"publish","type":"page","link":"https:\/\/fourier.rwth-aachen.de\/?page_id=46","title":{"rendered":"Team"},"content":{"rendered":"\n<p>Office: <a href=\"https:\/\/www.art.rwth-aachen.de\/cms\/MATHB\/Der-Lehrstuhl\/Team\/Organisation\/~rnnv\/Organisation\/\" target=\"_blank\" rel=\"noreferrer noopener\">Wolfgang Krass<\/a><\/p>\n\n\n\n<p>Annette Bachmayr (associated), Xin Fang, Kathrin Maurischat (associated)<\/p>\n\n\n\n<p>PhD students: Ibrahim Ahmad, Lars G\u00f6ttgens, Giulia Iezzi, Felix R\u00f6hrich, Michael Schl\u00f6sser, Yuhuai Zhou<\/p>\n\n\n\n<p>Former members:<\/p>\n\n\n\n<p>George Balla (TU Berlin), Christian Steinert, Kunda Kambaso, Johannes Flake (U Bonn), Andrea Thevis, Kai Wehrmaker, Daniel Kalmbach, Sebastian Posur (U M\u00fcnster), Jorge Olarte, Laura Maa\u00dfen, Verity Mackscheidt<\/p>\n\n\n\n<p><\/p>\n\n\n\n<p>If you are interested in joining our team as Postdoc, PhD student or student assistant, don&#8217;t hesitate to contact me. Unfortunately, I do not have any vacancies for now.<\/p>\n\n\n\n<figure class=\"wp-block-image size-large\"><img loading=\"lazy\" decoding=\"async\" width=\"1024\" height=\"768\" src=\"https:\/\/fourier.rwth-aachen.de\/wp-content\/uploads\/2023\/09\/Image20230904110207-1024x768.jpg\" alt=\"PhD celebration of George Balla 2023\" class=\"wp-image-103\" style=\"object-fit:cover\" srcset=\"https:\/\/fourier.rwth-aachen.de\/wp-content\/uploads\/2023\/09\/Image20230904110207-1024x768.jpg 1024w, https:\/\/fourier.rwth-aachen.de\/wp-content\/uploads\/2023\/09\/Image20230904110207-300x225.jpg 300w, https:\/\/fourier.rwth-aachen.de\/wp-content\/uploads\/2023\/09\/Image20230904110207-768x576.jpg 768w, https:\/\/fourier.rwth-aachen.de\/wp-content\/uploads\/2023\/09\/Image20230904110207-1536x1152.jpg 1536w, https:\/\/fourier.rwth-aachen.de\/wp-content\/uploads\/2023\/09\/Image20230904110207.jpg 2048w\" sizes=\"auto, (max-width: 1024px) 100vw, 1024px\" \/><\/figure>\n\n\n\n<p>PhD celebration of George Balla 2023<\/p>\n","protected":false},"excerpt":{"rendered":"<p>Office: Wolfgang Krass Annette Bachmayr (associated), Xin Fang, Kathrin Maurischat (associated) PhD students: Ibrahim Ahmad, Lars G\u00f6ttgens, Giulia Iezzi, Felix R\u00f6hrich, Michael Schl\u00f6sser, Yuhuai Zhou Former members: George Balla (TU Berlin), Christian Steinert, Kunda Kambaso, Johannes Flake (U Bonn), Andrea Thevis, Kai Wehrmaker, Daniel Kalmbach, Sebastian Posur (U M\u00fcnster), Jorge Olarte, Laura Maa\u00dfen, Verity Mackscheidt &#8230; <a title=\"Team\" class=\"read-more\" href=\"https:\/\/fourier.rwth-aachen.de\/?page_id=46\" aria-label=\"More on Team\">Read more<\/a><\/p>\n","protected":false},"author":1,"featured_media":0,"parent":0,"menu_order":0,"comment_status":"closed","ping_status":"closed","template":"","meta":{"footnotes":""},"class_list":["post-46","page","type-page","status-publish"],"_links":{"self":[{"href":"https:\/\/fourier.rwth-aachen.de\/index.php?rest_route=\/wp\/v2\/pages\/46","targetHints":{"allow":["GET"]}}],"collection":[{"href":"https:\/\/fourier.rwth-aachen.de\/index.php?rest_route=\/wp\/v2\/pages"}],"about":[{"href":"https:\/\/fourier.rwth-aachen.de\/index.php?rest_route=\/wp\/v2\/types\/page"}],"author":[{"embeddable":true,"href":"https:\/\/fourier.rwth-aachen.de\/index.php?rest_route=\/wp\/v2\/users\/1"}],"replies":[{"embeddable":true,"href":"https:\/\/fourier.rwth-aachen.de\/index.php?rest_route=%2Fwp%2Fv2%2Fcomments&post=46"}],"version-history":[{"count":15,"href":"https:\/\/fourier.rwth-aachen.de\/index.php?rest_route=\/wp\/v2\/pages\/46\/revisions"}],"predecessor-version":[{"id":222,"href":"https:\/\/fourier.rwth-aachen.de\/index.php?rest_route=\/wp\/v2\/pages\/46\/revisions\/222"}],"wp:attachment":[{"href":"https:\/\/fourier.rwth-aachen.de\/index.php?rest_route=%2Fwp%2Fv2%2Fmedia&parent=46"}],"curies":[{"name":"wp","href":"https:\/\/api.w.org\/{rel}","templated":true}]}}